(w) = -3*j(w) - 2*z(w). What are the prime factors of k(9)?
3, 331
Suppose 2*p = -0*p - 32. Let w be (-6)/9 - (p/(-12) + -1). List the prime factors of 142 - (-2 - -2)/(w + 5).
2, 71
Let y(n) = -2231*n**3 - 5*n**2 - 4*n + 2. What are the prime factors of y(-2)?
2, 3, 991
Let z = 10242 - 4626. What are the prime factors of z?
2, 3, 13
Let c(b) = -167*b + 1806. List the prime factors of c(-28).
2, 7, 463
Let j(m) = -m - 1. Let x be j(-5). Let h(u) = -3*u - x*u + 5*u - 2*u + 28. List the prime factors of h(-7).
2, 7
Let q(i) = 2*i + 9. Let d be q(-3). Let b be d/3 + 0/1. Suppose 2*p - b - 5 = 0. What are the prime factors of p?
3
Let s be 2*(-1 + 0)*-2 - -8. Let u = 319 - s. List the prime factors of u.
307
Let b(l) = l + 8. Let t be b(-4). Suppose -t*n = -3*g + 480, 2*g = -0*n + n + 315. List the prime factors of g/((-6)/4 - -3).
2, 13
Suppose -126*t = 16397 - 61253. What are the prime factors of t?
2, 89
Suppose 5*k - 66 - 529 = -5*f, 4*k + 371 = 3*f. Let g(t) = t**3 + 19*t**2 + 22*t + 34. Let s be g(-18). Let o = f + s. List the prime factors of o.
83
Let m = -1402 - -11859. List the prime factors of m.
10457
List the prime factors of (24 + -217)*15*-7.
3, 5, 7, 193
Let o be (2/(-7))/(2/(-14)). Let z = o - -4. Suppose 0 = -p - 5*m + 87, 0 = p - 5*m - z - 71. What are the prime factors of p?
2, 41
Let m = -1298 - -6632. What are the prime factors of m?
2, 3, 7, 127
Let u(h) = 2*h**3 + 41*h - 39*h + 3*h**2 + 192 - 5*h**2 + h**2. List the prime factors of u(0).
2, 3
Suppose -9*i + 14*i - 115 = 0. Let t = -475 - -971. Suppose -i*v + t = -19*v. List the prime factors of v.
2, 31
What are the prime factors of 7206 - (-2 - ((-120)/8 - -4))?
3, 2399
Let b be (-5*(3 + -2))/(2 - 1). Let y be 14/3 + b/(-15). List the prime factors of ((-64)/y)/(2/(-10)).
2
Let k(z) = -z**2 + 12*z + 21. Let o be k(14). Let y(q) = -7*q**2 - 14*q - 5. Let v be y(o). Let d = v - -513. List the prime factors of d.
263
Let s(p) = 25*p**2 - 6*p - 15. Let i be s(-3). Suppose a = 2*n - 28 - 25, -i = 4*a - 4*n. Let r = 71 - a. List the prime factors of r.
2, 3, 11
Let n(o) = -o**3 + 6*o**2 - 5*o + 4. Let g be n(5). Suppose -g*b + 91 = 27. Suppose 2*d - b = -m - 3*d, 2*m - 32 = 5*d. List the prime factors of m.
2
Suppose 14*w - 21*w + 763 = 0. Suppose t - 355 = -3*h, 3*t = h + 8*t - w. List the prime factors of h.
7, 17
Let x = -13087 + 31059. What are the prime factors of x?
2, 4493
Let t(u) be the second derivative of -61*u**3/3 - 2*u**2 - 112*u. Let d be 0 + (6/(-4))/(15/20). What are the prime factors of t(d)?
2, 3, 5
Suppose -4*m = -5*m + y, -5*y - 4 = -3*m. Suppose 99 = 24*x - 35*x. What are the prime factors of -55*(-6)/x*3/m?
5, 11
Let a be (-37 + 43)*97/6. Suppose -a*i - 896 = -98*i. List the prime factors of i.
2, 7
Let m be ((-4)/(-2))/(9/27). Let z be (-4)/m*(-1 + -236). Let g = 382 - z. What are the prime factors of g?
2, 7
Let x(n) = 2*n**3 + 3*n**2 - 5*n - 14. Let t be x(-2). What are the prime factors of ((-4)/5)/(t/180)?
2, 3
Suppose -489181 - 383871 = -12*r - 22*r. List the prime factors of r.
2, 37, 347
Let m(u) = -5*u**2 + 0*u**3 - u**3 - 24 + 17. What are the prime factors of m(-9)?
317
Let t = -2 + 7. Suppose -5*j = -3*o - 0*j - 23, -t*o - 3*j = 95. List the prime factors of (8/o)/((-2)/368).
2, 23
Suppose 5*u = -2*x - 2*x + 26, 3*u = -x + 10. Suppose -x*y - 5*o = -369, -3*y - o + 270 = -4*o. Suppose y = j + 35. What are the prime factors of j?
2, 7
Let p be (-5)/(-4) - 345/(-12). Let q(u) = 5*u - 93. What are the prime factors of q(p)?
3, 19
Let i = 12961 - -4313. List the prime factors of i.
2, 3, 2879
Let m be 2/21*3 - 243/(-7). Suppose 7*b - 112 + m = 0. Suppose -813 = b*j - 14*j. What are the prime factors of j?
271
Suppose 161 = 4*v - 5*f, -4*f + 188 = -0*v + 4*v. Suppose -76 = -b - 71. Suppose -6*l + v = -b*l. What are the prime factors of l?
2, 11
Let o(i) = 3*i**3 - 244*i**2 + 14*i + 123. What are the prime factors of o(82)?
41, 359
Let b be 15/(-10) - -6 - (-2)/4. Suppose -5*i = -k - 0 + 29, 5*i = -b*k - 5. Suppose -d = 5*q - 0*d - 30, -k*d = 2*q + 6. What are the prime factors of q?
7
Let s be 6/(-4)*9/((-162)/156). Let a(n) = -n**2 + 12*n + 13. Let q be a(s). What are the prime factors of (-1035)/(-9) + -1 + q?
2, 3, 19
Let d(v) = -11*v**3 + 29*v**2 - 5*v - 43. List the prime factors of d(-9).
2, 5, 17, 61
Suppose -i + 3753 = -2*n, -4*i + 3*n - 2*n = -14977. Suppose 36*g - 4285 - i = 0. List the prime factors of g.
223
Let d(a) = -659*a + 3858. List the prime factors of d(-14).
2, 3271
Let c = 2441 - 4393. Let o = -1008 - c. What are the prime factors of o?
2, 59
Suppose 60 = 11*p - 6*p. List the prime factors of 4*20*p/8.
2, 3, 5
Let t be ((-16385)/(-25) - -3)/((-20)/(-50)). Let a = t - 490. List the prime factors of a.
2, 17
Let x = -92 + 13. Let j = x - -81. Suppose 3*t - 7*t + 410 = j*a, 0 = -t - 4*a + 92. What are the prime factors of t?
2, 13
Suppose 1163 = 37*q - 798. Suppose 26 = h - 2*k, h = 3*h - 5*k - 53. Let p = h + q. List the prime factors of p.
7, 11
Let v(a) = 14*a**2 - 2*a + 15. Let n be v(6). Let t = -284 + n. What are the prime factors of t?
223
Let m = -13406 - -14041. List the prime factors of m.
5, 127
Suppose 3*a + 5*h - 42 = 0, 0 = -9*a + 6*a - 4*h + 39. Let m = 3 + a. What are the prime factors of m?
2, 3
What are the prime factors of (-7730)/(-2) - (-1 - 2)?
2, 967
Suppose -47*t + 50*t = -y + 81409, -81413 = -y - 5*t. What are the prime factors of y?
7, 29, 401
Let a be (2/6)/1*0/3. Suppose 5*n = -a*n + 4*b - 1, -4 = -b. Suppose s = 3*w - 0*w - 120, 0 = n*w + s - 114. List the prime factors of w.
3, 13
Let y(q) = -q**3 - q**2 + 3*q + 3. Let v be y(0). List the prime factors of (-40)/24 - (2360/v)/(-1).
5, 157
Let p(b) = -122*b + 3141. What are the prime factors of p(-82)?
5, 11, 239
Let v = -301 + 290. Let l = 867 + v. What are the prime factors of l?
2, 107
Suppose -20*i + 5*i - 6951 = -16*i. List the prime factors of i.
3, 7, 331
Suppose 15 = 3*n, 2*n + 35 = -4*q + q. List the prime factors of (-18456)/q + 30/50.
1231
Let z = 7093 + -1706. What are the prime factors of z?
5387
Let l = -1843 + 1974. What are the prime factors of l?
131
Let a(h) = h**2 - 2*h + 2. Let z be a(3). Suppose -2*y + 44 = -g - z*y, -5*g - 3*y - 280 = 0. Let w = g - -128. List the prime factors of w.
3, 23
Let g(z) = 3*z**2 - 7*z + 1161. List the prime factors of g(50).
8311
Let r be (-4)/(-7) - (-38)/7. Suppose -1220 = -10*c + r*c. Suppose -17*t - c = -22*t. What are the prime factors of t?
61
Suppose -4*a + 4*x = -8, -6*a - 10 = -11*a - 2*x. List the prime factors of a - -1 - (2 - 546).
547
Let h(v) = 193*v + 35. Let k be h(-3). Let o = 1058 + k. List the prime factors of o.
2, 257
Let h(p) = p**2 - 27*p + 155. Let x be h(19). Suppose 5*v - 462 = -z, -x*z - 3*v + 1449 - 3 = 0. List the prime factors of z.
487
Let t(w) = w**3 + 5*w**2 + 6*w + 4. Let j be t(-5). Suppose -y - 5*l = -155 + 177, -y + 18 = -5*l. What are the prime factors of (-5)/(-20)*y*j?
13
Let l be 3/2*((-5648)/(-3))/8. Let v = -182 + l. List the prime factors of v.
3, 19
Suppose -j + 590*a - 594*a = -11827, 3*j + 3*a = 35481. What are the prime factors of j?
11827
Let w = -7569 + 13297. What are the prime factors of w?
2, 179
Suppose -4*s - 26 = 2*l, 8*l + 52 = -5*s + 12*l. Suppose -1 = 4*v + 7. What are the prime factors of (v/2)/(s/1728)?
2, 3
Let l = 7480 + -3688. What are the prime factors of l?
2, 3, 79
Let v(m) = -m**3 - 8*m**2 - 4*m + 2. Let p be v(-7). Let z = p + 247. List the prime factors of (z/9)/2*3.
2, 19
Let t = 3863 + 17405. What are the prime factors of t?
2, 13, 409
Let a = -115 - 226. Let s = -243 - a. What are the prime factors of s?
2, 7
Suppose 0 = -3*u + 4*s + 16492, -7*u = -12*u - 5*s + 27475. What are the prime factors of u?
2, 3, 229
Let i(x) = x**2 + 17*x - 11. Let l be i(-18). Suppose -4*t - 2*w = 62, l*w - 2*w = -2*t - 43. Let u = t - -92. What are the prime factors of u?
2, 3, 13
What are the prime factors of (-325)/6175 + 123748/19?
3, 13, 167
Suppose 0 = -8*z - 5*z. Suppose z = -v + 7*v - 4128. What are the prime factors of v?
2, 43
Let c = -219 - -219. Suppose c = 34*o - 41*o + 3346. What are the prime factors of o?
2, 239
Suppose -7*z + 8*z - 2 = 0, -5*a = 5*z - 50. Let g(i) = i**3 + 12*i**2 - 60*i + 6. What are the prime factors of g(a)?
2, 